factor of 13 and z.
13
Let o = -558450 + 558456. Suppose -25 = 5*s, 4*g + 2*s - s - 1579 = 0. Calculate the greatest common divisor of g and o.
6
Suppose 3*y - 91*p - 15409 = -86*p, 0 = 5*p - 35. Calculate the greatest common factor of y and 143.
143
Let v be (1 - 166)*(10 - (30/(-10) + 14)). Calculate the highest common divisor of v and 15.
15
Let u be (-213606)/4*(-8)/36 + 2. Calculate the highest common factor of 143 and u.
143
Suppose 14 - 149 = -15*h. Suppose h*j - 536 = j. Suppose -4*i + 45 = -j. Calculate the greatest common divisor of i and 112.
28
Let s(v) = 7*v**3 - v**2 - 5*v - 42. Let w be s(7). What is the greatest common divisor of 195 and w?
65
Let g = -4982 - -5350. What is the highest common divisor of g and 414?
46
Let o = 15 - 12. Let m be 378/(-4)*10*8/60. Let d be (-9)/(m/(-4)) + (-382)/(-14). What is the greatest common factor of o and d?
3
Suppose 12 = 6*g - 3*g. Let w = 151 - 144. Suppose -w*o = 11 - 18. Calculate the greatest common divisor of g and o.
1
Let k(o) = 606*o**2 - 84*o + 168. Let h be k(2). Calculate the highest common divisor of h and 216.
24
Let y = -90 + 100. Suppose -211 = -c + y. Calculate the greatest common divisor of 17 and c.
17
Let q be (3225/(-10) + -3)/((-129)/1720). What is the highest common divisor of 980 and q?
140
Suppose 0 = 3*p - 28 - 14. Suppose -p*k + 10*k = -4. Suppose -k = -r - 0*r. What is the greatest common divisor of r and 1?
1
Let u be (-2)/(-1) - 2907/(-19). Suppose 13 = -4*y - u. Let i be y*((-12)/21 - 2). What is the greatest common divisor of 12 and i?
12
Suppose 0 = 4*b + 1398 - 5494. Suppose 4*c + 4*c = -b. Let r = c - -208. What is the greatest common factor of 10 and r?
10
Suppose p - 160 = -4*p. Suppose -3*h = 4*o - 28, 2*o = 4*h + o - 31. What is the greatest common factor of h and p?
8
Let w = 86 + -86. Suppose w = -2*b + 124 - 28. What is the highest common factor of b and 144?
48
Let r(w) = w + 158. Let k be r(-106). Calculate the greatest common factor of k and 20228.
52
Let y be 30/24 - ((-10)/(-8) - 2). Suppose 5*m = -3*t + 11, 3*t = y*t - 5*m - 3. Let z be 1962/t - 4/14. Calculate the highest common factor of 56 and z.
56
Suppose 10*i - 26 - 14 = 0. Suppose -83 = -5*w + c + 115, i*c = 5*w - 192. What is the greatest common divisor of w and 100?
20
Suppose -8 = 1645*h - 1647*h. Let p = 85 - -107. What is the highest common divisor of h and p?
4
Suppose -34*h + 7579 + 3531 + 9664 = 0. What is the greatest common divisor of 564 and h?
47
Suppose 4893 = 7*y - 2989. Suppose -1124*c = -y*c + 88. Calculate the greatest common factor of 132 and c.
44
Let d be 780/(-120)*109/2*-4. What is the highest common divisor of 65 and d?
13
Let z = 73 - 78. Let p be (-1)/z + (-59)/(-5). Suppose -5*h = -23 - p. Calculate the highest common divisor of h and 105.
7
Suppose 123*b + 2208 = 147*b. What is the greatest common divisor of 4324 and b?
92
Let s(c) = -17*c + 1. Let g be s(-1). Let f(b) = 2*b - 20. Let p be f(15). Suppose -9*v = p*v - 684. Calculate the greatest common divisor of v and g.
18
Let k(b) = -11*b**2 - 14*b + 21. Let j(x) = 54*x**2 + 69*x - 105. Let p(f) = 5*j(f) + 24*k(f). Let l be p(3). What is the highest common factor of 45 and l?
15
Let s = 9459 + -9180. What is the highest common divisor of 171 and s?
9
Let o(z) = 1 + 3*z + 3*z**2 - 4*z**2 - z**2 + 0. Let a be o(-2). Let y(j) = -j**2 - 11*j + 38. Let g be y(a). Calculate the greatest common divisor of g and 3.
3
Let r be 83*((-2)/(-17) + (-210)/(-238)). Let i = r - -133. Suppose 3*d + 36 = z, 3*z + 5*d - 17 - 49 = 0. What is the greatest common divisor of z and i?
27
Let p(t) = t**2 + 26*t - 217. Let m(o) = -o**2 - 7*o + 17. Let l be m(-8). Let k be p(l). Calculate the highest common divisor of k and 441.
49
Suppose 5*y = 2*f + 204, -y + 7 = 11. Let r be ((-7245)/(-60))/((-12)/f). What is the greatest common divisor of r and 49?
49
Suppose -10*s = 9195 - 13798 - 45647. What is the greatest common divisor of 75 and s?
75
Let c be (18/(-45))/((-11)/5 - -2). Let r(k) = 8*k - 5. Let g be r(c). Suppose 0 = 15*m - 16*m + g. What is the greatest common factor of 33 and m?
11
Let x(m) = 3*m**2 - 19*m + 68. Let u be x(9). Suppose -17*r + u = -10*r. What is the highest common divisor of 40 and r?
20
Suppose -2*x - 15 = 15. Let b be 6/9 - (-355)/x. Let h = 48 + b. What is the greatest common divisor of h and 10?
5
Let t be ((-1690)/91 + 10)/(9/(-42)). What is the highest common divisor of 640 and t?
40
Let j(h) = -3*h**3 + 2*h**2 + 3*h. Let n be j(-2). Let z be 0 - 1/((-2)/n). Let u = -10557 + 10609. What is the greatest common divisor of z and u?
13
Let s(q) = -17*q**2 + 3*q - 1. Let j be s(1). Let o be -1*(-20)/j*3/(-2). Calculate the highest common factor of o and 6.
2
Let b = -523 + 1575. Calculate the highest common divisor of b and 4.
4
Suppose 0 = 2*v + 2*b - 59 + 15, 0 = 3*v - 2*b - 71. Let q = -296 + 344. Let p = q - v. Calculate the highest common divisor of p and 10.
5
Suppose 110 - 314 = -3*v. Let p(t) = 15 + 19 - 6*t + 0*t - 30. Let r be p(-5). What is the greatest common factor of v and r?
34
Suppose -2*j = 5*r + 50, -2*r + 14 = -j + r. Let h = j + 26. Suppose -h*a + 220 = 4. What is the greatest common divisor of 8 and a?
4
Suppose 2*y = -2*u - 32, -2*y + 11*u = 10*u + 17. Let k(m) = 2*m**2 - 2*m + 21. Let b be k(y). Calculate the highest common factor of b and 15.
15
Let s(u) = u**3 - 7*u**2 + 6*u + 3. Let b be s(6). Suppose 326*d + 416 = 330*d. Suppose -2*t = -b*t + d. What is the greatest common divisor of 13 and t?
13
Let x be (-4)/(-22) - 6/33. Let o be (-10 + 0 - x)*1. Let p = 35 + o. Calculate the greatest common divisor of p and 75.
25
Suppose 44*m = -12*m + 19329 + 17967. Calculate the highest common divisor of 1258 and m.
74
Suppose -5*s = 2*b - 493, 0 = 218*b - 214*b - 3*s - 1181. Suppose -2*v + j + 498 = -210, -4*j = -3*v + 1057. What is the highest common factor of v and b?
71
Let b(l) = -3*l**3 - 171*l**2 - 47*l - 104. Let d be b(-57). Calculate the highest common factor of d and 412.
103
Suppose 5*p - 3*u - 833 = -168, -p = u - 133. Let b = -83 + p. Suppose 5*m - 50 = -2*s + 3*m, 3*s - b = 2*m. What is the highest common divisor of s and 140?
20
Suppose 12*q + 100536 = 71*q. What is the greatest common divisor of 24 and q?
24
Let g = -29 + 43. Let k(j) = j**3 - 6*j**2 - 19*j - 16. Let c be k(9). Calculate the greatest common factor of c and g.
14
Let g be -13 - (193648/(-14))/14. What is the greatest common factor of g and 117?
39
Let d(o) = 139*o - 686. Let k be d(8). Calculate the highest common factor of 2414 and k.
142
Let c = -72 - -76. Suppose -a = -5*l - c*a + 60, -5*a = 0. Let m be -16*(162/(-8))/3. Calculate the highest common factor of m and l.
12
Suppose -11*w + 5*w + 162 = 0. Suppose 3*a - 614 = -3*h + 7*a, 2*h + 2*a - 428 = 0. Let g be (-1*(-6)/10)/(7/h). What is the greatest common divisor of g and w?
9
Suppose 98*b = 332 + 201 + 153. What is the greatest common factor of 1939 and b?
7
Let z(o) be the first derivative of 2*o**4 + o**3 + 3*o**2/2 - 2*o + 85. Let h be z(2). Calculate the greatest common factor of 15 and h.
5
Let q(s) = -4*s + 21. Let b be q(-8). Let d be -10*1*2/(-4). Suppose d*g = 3*p - b, -4*p - g + 76 = -5*g. What is the highest common factor of p and 63?
21
Let f = -5063 + 5071. Calculate the highest common factor of 668 and f.
4
Let q be (0 + (-42)/9)*(-15 + -75). Suppose -2*h - h + q = 0. What is the greatest common divisor of h and 56?
28
Let q be ((-551)/3)/(14/378*-9). Calculate the greatest common factor of 348 and q.
29
Let p(i) = -5032 + 5069 + 3*i**2 + 60*i + 53*i. Let h be p(-38). What is the highest common factor of 675 and h?
75
Let n be 28/(-84) - (-100)/(-6). Let x = 80 + n. What is the greatest common divisor of 9 and x?
9
Let x(l) = 2*l + 7. Let r be x(-5). Let z be (18/(-5))/(r/135). Let c = 274 - z. What is the highest common factor of 16 and c?
16
Let n = 105022 - 104984. Let y(o) = 132*o + 1. Let c be y(1). Calculate the highest common factor of n and c.
19
Suppose 4*g = 8*g. Suppose -7*b + 6*b + 12 = g. Suppose -u = -b - 0. Calculate the greatest common factor of u and 96.
12
Suppose w - 33 = 63. Let j = -99 + w. Let n be (-813)/(-18) + j/(-18)*-1. Calculate the highest common divisor of n and 405.
45
Let r(p) = 3*p**2 + 10*p - 8. Let